(21).
21
Let d(x) = -6*x**3 - 247*x**2 + 64*x + 4265. Determine d(-41).
-40
Let m(g) = -4105*g - 114936. Determine m(-28).
4
Let z(m) = 10070*m - 20175. Give z(2).
-35
Let m(z) = -z**3 + 7*z**2 + 113*z - 82. Calculate m(-9).
197
Let u(m) = m**3 - 22*m**2 + m - 107. Give u(22).
-85
Let x(d) = -17578*d - 228532. Determine x(-13).
-18
Let w(g) = g**2 - 105*g + 2146. Give w(76).
-58
Let a(m) = m**3 + 10*m**2 - 70*m + 69. Calculate a(6).
225
Let g(p) = 17657*p + 777011. What is g(-44)?
103
Let l(x) = 15*x**2 + 26*x - 429. Give l(0).
-429
Let r(t) = t**3 - 9*t**2 + 70*t - 1070. What is r(11)?
-58
Let s(n) = 68930*n + 68966. Calculate s(-1).
36
Let p(r) = r**2 - 434*r + 8261. Give p(414).
-19
Let k(y) = y**3 + 25*y**2 + 150*y + 2381. Determine k(-23).
-11
Let h(w) = 11*w**3 + 7*w**2 + 11*w - 36. Give h(-4).
-672
Let h(m) = -1501*m + 533872. Determine h(355).
1017
Let t(u) = 442063*u + 884156. What is t(-2)?
30
Let c(w) = -14*w**3 - 1482*w**2 + 161*w - 5418. What is c(-106)?
-12
Let f(m) = 2*m**3 + 22*m**2 - 169*m - 1660. Determine f(-14).
-470
Let u(t) = -2*t**3 + 102*t**2 + 36*t - 6836. Give u(50).
-36
Let z(s) = -2*s**3 + 32*s**2 + 66*s. Calculate z(-2).
12
Let w(t) = 56*t**2 + 1595*t + 752. Give w(-28).
-4
Let b(k) = k**3 - 21*k**2 - 66*k - 8. Determine b(6).
-944
Let m(p) = -p**3 + 28*p**2 + 199*p - 39. Give m(36).
-3243
Let u(z) = z**3 + 48*z**2 - 3057*z - 146528. Determine u(-48).
208
Let c(j) = -39917*j - 279423. What is c(-7)?
-4
Let z(a) = -6*a**2 + 2300*a - 170067. Determine z(100).
-67
Let k(h) = 281*h**2 - 29*h + 19. Calculate k(1).
271
Let j(h) = h**3 + 282*h**2 + 843*h + 1902. Determine j(-279).
228
Let r(z) = -7*z**3 + 565*z**2 + 1132*z - 7. Calculate r(-2).
45
Let t(j) = -3*j**2 + 91*j + 303. What is t(-3)?
3
Let j(x) = -x**3 + 23*x**2 - 1488*x + 14917. Determine j(11).
1
Let c(j) = -j**3 - 22*j**2 - 284*j - 3927. What is c(-18)?
-111
Let u(f) = -f**2 - 1390*f - 89967. Determine u(-68).
-71
Let i(l) = 70119*l - 70115. Give i(1).
4
Let g(k) = -21424*k - 1157214. What is g(-54)?
-318
Let s(q) = -q**3 + 111*q**2 + 114*q - 398. Determine s(112).
-174
Let k(m) = -3441*m + 244380. Calculate k(71).
69
Let y(i) = i**3 + 36*i**2 + 127*i + 43. Calculate y(-23).
3999
Let r(z) = 2133*z - 51232. Determine r(24).
-40
Let o(h) = -h**2 - 3466*h + 988713. Give o(265).
-2
Let r(c) = -55*c**2 + 4272*c - 696. What is r(78)?
-2100
Let x(j) = -26*j**2 + 125*j + 12. Give x(5).
-13
Let v(i) = 153*i**2 - 153*i + 287. Calculate v(2).
593
Let u(f) = 195*f - 47000. Give u(242).
190
Let g(t) = 3*t**3 + 209*t**2 + 545*t + 767. What is g(-67)?
164
Let t(y) = -36043*y - 973145. Calculate t(-27).
16
Let b(v) = -3*v**2 - 2526*v + 323733. What is b(-955)?
-12
Let y(j) = 15110*j + 91981. Determine y(-6).
1321
Let z(a) = -4*a**3 + 16*a**2 - 57*a - 193. Calculate z(-7).
2362
Let x(z) = -1630*z**2 - 39123*z - 65. What is x(-24)?
7
Let c(r) = 5*r**2 + 425*r + 2015. What is c(-5)?
15
Let r(t) = -208627*t + 3338088. What is r(16)?
56
Let b(t) = 3*t + 1302. Determine b(-29).
1215
Let r(s) = -5*s**3 + 198*s**2 - 855*s - 40. Calculate r(5).
10
Let y(t) = t**3 - 127*t**2 - 552*t - 14258. What is y(132)?
-2
Let q(t) = -484*t**3 - 44045*t**2 - 94*t - 269. Determine q(-91).
4
Let q(b) = -272*b + 18208. What is q(68)?
-288
Let s(t) = -383*t**2 - 8429*t - 63. What is s(-22)?
3
Let j(m) = 2*m**3 - 207*m**2 - 124*m + 2177. Determine j(104).
97
Let h(s) = 3*s**3 - 10*s**2 + 80*s - 390. Calculate h(7).
709
Let p(t) = 12208*t - 305189. Determine p(25).
11
Let j(g) = -7*g**3 - 49*g**2 + 594*g + 3330. Give j(-5).
10
Let o(x) = 30025*x + 1561290. Determine o(-52).
-10
Let s(f) = f**3 + 23*f**2 - 222*f - 206. Determine s(8).
2
Let s(g) = 2*g**2 - 53*g - 1053. What is s(36)?
-369
Let d(x) = 2*x**2 + 167*x - 6748. What is d(30)?
62
Let a(j) = 3178*j - 19404. Calculate a(6).
-336
Let r(w) = -2*w**2 - 33339*w + 33334. Calculate r(1).
-7
Let g(o) = 2117*o + 177906. What is g(-84)?
78
Let m(r) = 9*r**3 + 39*r**2 - 20*r - 104. Give m(-2).
20
Let r(c) = -c**3 - 12*c**2 + 99*c + 5619. Calculate r(16).
35
Let t(y) = 844*y**3 + 5*y**2 - 8*y + 1. What is t(1)?
842
Let w(y) = 25*y + 12442. What is w(-494)?
92
Let t(v) = -247*v - 18519. What is t(-74)?
-241
Let m(d) = 25*d**2 - 377*d + 200. Give m(14).
-178
Let c(o) = 1552850*o - 4658548. What is c(3)?
2
Let k(s) = -53*s - 713. Calculate k(-14).
29
Let m(r) = -9*r**2 - 34*r + 1609. Calculate m(26).
-5359
Let d(t) = 4447*t - 280807. What is d(63)?
-646
Let t(c) = -c**3 - 49*c**2 + 1962*c + 94972. Determine t(-51).
112
Let m(q) = 2*q**3 + 829*q**2 + 8484*q - 7. Give m(-404).
-7
Let k(v) = 2*v**2 - 4337*v + 244833. What is k(58)?
15
Let t(h) = h**3 + 35*h**2 - 67*h - 2559. Give t(-35).
-214
Let o(d) = -3*d**3 + 2*d**2 + 45*d - 4. What is o(-4)?
40
Let d(a) = -a**3 + 91*a**2 - 1513*a - 636. Calculate d(69).
-291
Let i(o) = 11*o**3 + 868*o**2 - 957*o + 127. What is i(-80)?
-113
Let j(k) = k**3 + 27*k**2 - 10*k - 17. Calculate j(-27).
253
Let i(c) = 7*c**3 - 6*c**2 - 25*c - 7. Calculate i(-3).
-175
Let s(x) = -7*x**2 + 503*x + 2769. What is s(78)?
-585
Let c(o) = -6*o**3 + 69*o**2 + 64*o - 707. Determine c(12).
-371
Let u(x) = 2170*x + 1447372. What is u(-667)?
-18
Let y(u) = 52790*u + 422329. Determine y(-8).
9
Let b(h) = 29*h**3 - 3*h**2 - 48*h - 90. What is b(-2)?
-238
Let f(v) = 12221*v + 146269. What is f(-12)?
-383
Let r(b) = 21*b**3 - 311*b**2 - 42*b - 21. What is r(15)?
249
Let f(k) = -404848*k - 3238757. Calculate f(-8).
27
Let j(b) = -1173*b + 2310. What is j(2)?
-36
Let z(w) = -2*w**3 + 63*w**2 - 16*w + 834. Give z(31).
1299
Let f(q) = -23*q**3 - 8*q**2 + 234*q + 244. Give f(-1).
25
Let h(x) = -x**3 - 125*x**2 - 22*x - 2531. Determine h(-125).
219
Let q(m) = -m**2 + 508*m - 26539. Determine q(59).
-48
Let d(f) = -20*f**2 + 375*f + 1964. Give d(23).
9
Let l(k) = 12*k**2 + 3940*k + 9129. What is l(-326)?
1
Let w(k) = -869*k**2 + 870*k - 5. Give w(1).
-4
Let l(b) = 2333*b - 62955. Give l(27).
36
Let k(y) = -17*y**3 - 254*y**2 - 58*y - 511. Give k(-15).
584
Let i(p) = -19168*p + 76662. Determine i(4).
-10
Let i(j) = j**3 - 3*j**2 - 1481*j - 120. Determine i(40).
-160
Let l(p) = p**3 + 26*p**2 - 83*p - 344. Determine l(-29).
-460
Let v(o) = 2028*o + 632766. What is v(-312)?
30
Let o(l) = 60322*l + 301618. Calculate o(-5).
8
Let p(k) = -3*k**3 + 1051*k**2 + 845*k - 50231. Calculate p(351).
-38
Let j(s) = s**2 - 290*s + 5877. Determine j(268).
-19
Let c(t) = 3*t**3 + 205*t**2 + 974*t + 76721. What is c(-69)?
-7
Let s(o) = 1114*o + 125755. Calculate s(-116).
-3469
Let v(h) = -h**3 + 69*h**2 - 692*h + 6001. Calculate v(59).
-17
Let g(v) = 44223*v + 1636206. Determine g(-37).
-45
Let c(n) = -n**3 - 54*n**2 + 763*n + 27894. Determine c(-59).
282
Let n(u) = 56*u + 1217. Calculate n(-7).
825
Let m(x) = -x**3 - 106*x**2 - 2227*x + 153. Determine m(-77).
-309
Let p(j) = -16258*j + 4487210. Give p(276).
2
Let z(n) = -2404*n - 100969. What is z(-42)?
-1
Let m(i) = 37119*i - 36957. What is m(1)?
162
Let a(f) = -2403*f - 4961. Determine a(-2).
-155
Let q(g) = 300337*g + 6907642. Calculate q(-23).
-109
Let b(g) = -196421*g - 392921. What is b(-2)?
-79
Let s(z) = 3*z**3 + 346*z**2 + 4784*z - 6631. What is s(-99)?
2
Let y(z) = -2*z**2 - 2956*z - 734415. What is y(-1162)?
-31
Let q(y) = -y**2 + 300*y + 5038. Give q(-16).
-18
Let g(w) = -3*w**2 + 437*w - 5486. What is g(14)?
44
Let f(q) = 603*q + 26506. What is f(-44)?
-26
Let o(j) = -10745*j + 171928. Determine o(16).
8
Let r(b) = 10258*b - 184584. Calculate r(18).
60
Let f(y) = 2*y**3 - 540*y**2 + 539*y - 262. Give f(269).
7
Let h(m) = -2*m**2 - 1834*m - 25811. Calculate h(-14).
-527
Let g(j) = -j**3 - 49*j**2 + 6930*j - 57671. What is g(9)?
1
Let p(y) = -y**3 + 9*y**2 - 206110*y + 1854992. Calculate p(9).
2
Let q(g) = -1486*g - 160289. Determine q(-108).
199
Let y(j) = -1023*j + 155575. Calculate y(152).
79
Let g(z) = -94*z**2 - 1162*z - 413. Give g(-12).
-5
Let f(p) = 1262*p**3 - 28*p**2 - 71*p - 42. Determine f(-1).
-1261
Let p(t) = -t**2 + 292*t - 19748. Calculate p(140).
1532
Let i(t) = -52*t + 3738. Determine i(58).
722
Let j(p) = -96575*p + 289690. Calculate j(3).
-35
Let b(k) = -2*k**2 - 6483*k - 77498. Determine b(-12).
10
Let p(f) = -f**2 + 7564*f - 775778. Calculate p(104).
62
Let y(d) = 9417*d - 894566. Giv